e 13) to base 10.
474904
Convert 21232100110 (base 4) to base 16.
26e414
What is -665738 (base 11) in base 7?
-12011215
What is -10a13b4 (base 13) in base 6?
-301345450
Convert 27a207 (base 15) to base 11.
1093009
Convert 253110132 (base 6) to base 8.
22561750
1404573 (base 9) to base 11
487311
Convert 1211364 (base 7) to base 12.
752a0
Convert 103033222132 (base 4) to base 13.
107835a
What is -c15f (base 16) in base 8?
-140537
What is 20100200101021 (base 3) in base 2?
1100111000111111111000
What is -21200405 (base 6) in base 2?
-10010111111010010101
What is 350220 (base 10) in base 14?
918ba
Convert -13a439 (base 12) to base 6.
-11014513
-10001001321 (base 4) to base 5
-232142133
Convert -1110001011001111010 (base 2) to base 4.
-1301121322
What is -28065 (base 16) in base 5?
-20221231
What is -2591d9 (base 15) in base 5?
-430141204
Convert 110113341 (base 5) to base 15.
95216
What is -343004131 (base 5) in base 3?
-2212211020000
-2302420142 (base 5) to base 11
-298a12a
What is -22370572 (base 8) in base 12?
-175844a
Convert -648b59 (base 14) to base 5.
-1332423140
What is -11316ac (base 14) in base 4?
-133032230320
Convert -345244 (base 6) to base 5.
-1422232
2535b (base 14) to base 7
526644
What is -10011110110001111000 (base 2) in base 13?
-19a039
Convert -8c1b02 (base 16) to base 5.
-4322310304
Convert 2016161 (base 7) to base 9.
405008
942312 (base 14) to base 8
23045754
Convert 77b901 (base 12) to base 13.
51a18c
Convert 2352255 (base 6) to base 11.
849a8
19037 (base 12) to base 15
ab71
What is -11110101100111101001011 (base 2) in base 3?
-120010220102002
105832 (base 9) to base 10
63371
1037745 (base 8) to base 7
2236646
Convert 11000010101001011111110 (base 2) to base 12.
217713a
What is -15174 (base 15) in base 6?
-1242014
158413 (base 10) to base 11
a9022
What is 1234212 (base 11) in base 7?
24134203
What is -4b36b1 (base 15) in base 11?
-2043287
Convert 30572 (base 10) to base 6.
353312
What is -2011101100201 (base 3) in base 7?
-12524224
30432302 (base 5) to base 9
418602
Convert -ac51c (base 14) to base 6.
-12543342
What is -10110110000100011 (base 2) in base 3?
-11201212120
-11202100230 (base 4) to base 16
-16242c
What is -548423 (base 9) in base 13?
-b61b1
-10265212 (base 8) to base 11
-1266395
Convert -1101220022000 (base 3) to base 6.
-23553343
3145b0 (base 15) to base 3
11102001201210
Convert 26071453 (base 8) to base 9.
11814453
-574066 (base 11) to base 10
-913138
What is 508765 (base 10) in base 13?
14a75a
Convert 668580 (base 12) to base 5.
404211143
What is -2370743 (base 10) in base 8?
-11026267
What is 129886 (base 12) in base 13?
a9a2b
-13537c5 (base 13) to base 12
-2059170
What is ba43 (base 15) in base 8?
115016
-a665 (base 12) to base 16
-472d
-418a31 (base 11) to base 4
-2203300101
What is -131000222 (base 4) in base 12?
-58922
11010111000110000 (base 2) to base 3
12121001211
Convert -58a890 (base 12) to base 14.
-2928a0
Convert -101011001111101011111 (base 2) to base 13.
-3a7cc3
What is -65147 (base 11) in base 9?
-153772
18413274 (base 10) to base 6
1454354350
What is -1303210022 (base 4) in base 16?
-7390a
What is -10a855 (base 11) in base 9?
-286526
Convert 2231132 (base 5) to base 6.
503022
-11705001 (base 8) to base 12
-a4b681
Convert -25431 (base 14) to base 5.
-10411004
42010631 (base 7) to base 2
1101011110010110011011
Convert -2140228 (base 10) to base 3.
-11000201211201
What is 8425168 (base 10) in base 7?
131420113
What is 326516 (base 9) in base 13?
6aa2b
10011101111101011 (base 2) to base 10
80875
Convert -12011101121 (base 3) to base 15.
-20197
What is 28c879 (base 13) in base 12?
40208a
What is -120597 (base 11) in base 3?
-100201001201
What is -65245211 (base 8) in base 13?
-2b8556c
-d3c6b (base 14) to base 12
-207233
110334431 (base 5) to base 8
1652550
What is 704849 (base 10) in base 16?
ac151
Convert 1312211330 (base 4) to base 8.
1664574
Convert 74a379 (base 11) to base 15.
18a6da
134a50 (base 12) to base 6
10502540
2055873 (base 10) to base 9
3773113
Convert 12533443 (base 6) to base 15.
83790
Convert 470754 (base 11) to base 6.
24005033
What is -102321155 (base 6) in base 7?
-21202202
What is -118120 (base 10) in base 7?
-1001242
Convert 330020012 (base 5) to base 16.
157a13
What is 1252542 (base 7) in base 14?
43bc9
120221221212 (base 3) to base 8
1145470
-310031331 (base 4) to base 2
-110100001101111101
What is 2022020020011 (base 3) in base 14?
23c55c
What is 1135468 (base 10) in base 5?
242313333
What is -1747bab (base 13) in base 6?
-425552203
Convert -24a28a (base 11) to base 15.
-7bc7b
2cb4b (base 16) to base 13
6546a
What is -205561a (base 13) in base 6?
-550121245
Convert 1012011032 (base 5) to base 14.
3b9cc3
Convert 5265911 (base 10) to base 12.
191b49b
Convert 61272567 (base 8) to base 13.
28b11c8
Convert -113fa (base 16) to base 6.
-1303030
What is -220010012100 (base 3) in base 7?
-4015014
What is 773461 (base 8) in base 13?
913a6
Convert -b169b1 (base 12) to base 6.
-135210341
2a770d (base 15) to base 13
56a259
What is 361063 (base 9) in base 13?
77ba4
Convert 30a31 (base 13) to base 8.
252565
81103 (base 16) to base 12
215b17
Convert 110001100111010111000100 (base 2) to base 9.
26423227
Convert 9285a5 (base 12) to base 5.
1041430004
-32725364 (base 8) to base 3
-111021111011122
What is -2130415 (base 9) in base 4?
-10112303000
130550113 (base 6) to base 5
1124033304
What is -1350bb (base 13) in base 5?
-104434430
What is 384a103 (base 11) in base 6?
355023105
-10011110111000000001100 (base 2) to base 8
-23670014
Convert 133110120103 (base 4) to base 15.
ac2894
What is 10223730 (base 8) in base 3?
11002101122100
Convert -10001202012101 (base 3) to base 2.
-110001101101000111011
-11012011211021 (base 3) to base 6
-115425224
What is 100111000101100111011 (base 2) in base 3?
2102001222001
Convert 67aa7 (base 13) to base 3.
100120200011
Convert 14025342 (base 7) to base 10.
1300833
What is b868 (base 15) in base 14?
10315
-1647966 (base 15) to base 9
-33383076
What is 4585198 (base 10) in base 5?
2133211243
What is -10000001000000001011 (base 2) in base 11?
-330a9a
What is 99761 (base 11) in base 6?
3033422
What is 126a (base 13) in base 3?
10121011
1001110110011010110001 (base 2) to base 15
360163
Convert -8738 (base 14) to base 4.
-11231032
506e39 (base 15) to base 8
16445451
18454 (base 12) to base 9
53251
12012120012020 (base 3) to base 5
1202013241
-179655 (base 12) to base 10
-410465
What is 110221021002 (base 3) in base 12?
103418
What is -17164175 (base 8) in base 7?
-45633354
What is 203134304 (base 5) in base 12?
342574
Convert 445a70 (base 11) to base 5.
140220320
Convert 15200445 (base 6) to base 12.
216125
What is 1023303 (base 7) in base 16?
1e2ee
What is -41dc8 (base 14) in base 10?
-159132
Convert 101144345 (base 6) to base 11.
a89510
-6253c (base 14) to base 8
-716732
-25db70 (base 15) to base 6
-102550110
What is -15250 (base 16) in base 11?
-5a085
Convert -153427 (base 10) to base 7.
-1206211
Convert 2424330132 (base 5) to base 7.
66303361
What is -91ad02 (base 14) in base 5?
-2224040242
What is 50344042 (base 6) in base 4?
11130321122
-12001001021 (base 3) to base 15
-1e5bd
Convert -41025304 (base 6) to base 12.
-485234
What is 1446032 (base 8) in base 7?
3336126
Convert -23664 (base 13) to base 11.
-44768
What is 40147 (base 8) in base 2?
100000001100111
Convert -20c6837 (base 14) to base 5.
-12434210040
Convert -250403 (base 6) to base 7.
-121443
What is 3205114 (base 6) in base 4?
212033212
Convert -3410344414 (base 5) to base 6.
-425004004
Convert 30123341 (base 5) to base 6.
5043301
What is 919a1 (base 11) in base 16?
20c9c
103816 (base 11) to base 3
22102202020
-14243544 (base 6) to base 8
-1671330
What is -22310542 (base 6) in base 12?
-288452
What is -3313443222 (base 5) in base 4?
-123112321213
Convert 8758a (base 13) to base 12.
b9822
What is 183a26 (base 14) in base 12?
353016
What is -1006361 (base 9) in base 6?
-15254001
Convert 54024312 (base 6) to base 16.
184274
Convert -59cc8 (base 14) to base 7.
-1602241
Convert 42072 (base 15) to base 4.
303013031
What is 112182 (base 15) in base 2?
11000111011111001001
8a184 (base 11) to base 13
47611
-1221110322 (base 5) to base 2
-1011000110011110000111
Convert 10213030231 (base 4) to base 9.
224255